{"id":549,"date":"2024-04-04T15:45:56","date_gmt":"2024-04-04T13:45:56","guid":{"rendered":"https:\/\/aeggene.dk\/?page_id=549"},"modified":"2024-04-07T14:57:38","modified_gmt":"2024-04-07T12:57:38","slug":"palle-vibe","status":"publish","type":"page","link":"https:\/\/aeggene.dk\/?page_id=549","title":{"rendered":"Palle Wibe"},"content":{"rendered":"\n<h2 class=\"wp-block-heading\">er en lokal ildsj\u00e6l, som arbejder p\u00e5 at f\u00e5 belyst noget af historien i Assentorp med udgangspunkt i de enkelte g\u00e5rde og huse. Vi er meget glade for, at en af de f\u00f8rste er H\u00f8jbodalvej 12.<\/h2>\n\n\n\n<h3 class=\"wp-block-heading\">Se dokument vedr\u00f8rende:<\/h3>\n\n\n\n<p class=\"has-medium-font-size\">&#8220;<strong><a href=\"https:\/\/aeggene.dk\/wp-content\/uploads\/2024\/04\/Hojbodalvej-nr-12-Honeriet.pdf\" target=\"_blank\" rel=\"noreferrer noopener\">H\u00f8jbodalvej 12 &#8211; H\u00f8nseriet<\/a><\/strong>&#8220;<\/p>\n\n\n\n<p class=\"has-medium-font-size\"><strong>&#8220;<a href=\"https:\/\/aeggene.dk\/wp-content\/uploads\/2024\/04\/Hojbodalvej-nr-35-Campingpladsen.pdf\" target=\"_blank\" rel=\"noreferrer noopener\">H\u00f8jbodalvej 35 &#8211; Campingpladsen<\/a>&#8220;<\/strong><\/p>\n\n\n\n<p class=\"has-medium-font-size\"><strong>&#8220;<a href=\"https:\/\/aeggene.dk\/wp-content\/uploads\/2024\/04\/Granbakkevej-2-Kobmanden-komprimeret.pdf\" data-type=\"link\" data-id=\"https:\/\/aeggene.dk\/wp-content\/uploads\/2024\/04\/Granbakkevej-2-Kobmanden-komprimeret.pdf\" target=\"_blank\" rel=\"noreferrer noopener\">Granbakkevej 2 &#8211; K\u00f8bmanden<\/a>&#8220;<\/strong><\/p>\n\n\n\n<p class=\"has-medium-font-size\"><strong>&#8220;<a href=\"https:\/\/aeggene.dk\/wp-content\/uploads\/2024\/04\/Granbakkevej-4-komprimeret.pdf\" target=\"_blank\" rel=\"noreferrer noopener\">Granbakkevej 4<\/a>&#8220;<\/strong><\/p>\n\n\n\n<p class=\"has-medium-font-size\">&#8220;<a href=\"https:\/\/aeggene.dk\/wp-content\/uploads\/2024\/04\/Birkehusene-Birke-Alle-2-10-2.pdf\" data-type=\"link\" data-id=\"https:\/\/aeggene.dk\/wp-content\/uploads\/2024\/04\/Birkehusene-Birke-Alle-2-10-2.pdf\" target=\"_blank\" rel=\"noreferrer noopener\"><strong>Birkehusene, Birke All\u00e9 2, 4, 6, 8 og 10<\/strong><\/a>&#8220;<\/p>\n","protected":false},"excerpt":{"rendered":"<p>er en lokal ildsj\u00e6l, som arbejder p\u00e5 at f\u00e5 belyst noget af historien i Assentorp med udgangspunkt i de enkelte g\u00e5rde og huse. Vi er meget glade for, at en af de f\u00f8rste er H\u00f8jbodalvej 12. Se dokument vedr\u00f8rende: &#8220;H\u00f8jbodalvej 12 &#8211; H\u00f8nseriet&#8220; &#8220;H\u00f8jbodalvej 35 &#8211; Campingpladsen&#8220; &#8220;Granbakkevej 2 &#8211; K\u00f8bmanden&#8220; &#8220;Granbakkevej 4&#8220; &#8220;Birkehusene, Birke [&hellip;]<\/p>\n","protected":false},"author":2,"featured_media":0,"parent":0,"menu_order":0,"comment_status":"closed","ping_status":"closed","template":"","meta":{"footnotes":""},"class_list":["post-549","page","type-page","status-publish","hentry"],"_links":{"self":[{"href":"https:\/\/aeggene.dk\/index.php?rest_route=\/wp\/v2\/pages\/549","targetHints":{"allow":["GET"]}}],"collection":[{"href":"https:\/\/aeggene.dk\/index.php?rest_route=\/wp\/v2\/pages"}],"about":[{"href":"https:\/\/aeggene.dk\/index.php?rest_route=\/wp\/v2\/types\/page"}],"author":[{"embeddable":true,"href":"https:\/\/aeggene.dk\/index.php?rest_route=\/wp\/v2\/users\/2"}],"replies":[{"embeddable":true,"href":"https:\/\/aeggene.dk\/index.php?rest_route=%2Fwp%2Fv2%2Fcomments&post=549"}],"version-history":[{"count":13,"href":"https:\/\/aeggene.dk\/index.php?rest_route=\/wp\/v2\/pages\/549\/revisions"}],"predecessor-version":[{"id":577,"href":"https:\/\/aeggene.dk\/index.php?rest_route=\/wp\/v2\/pages\/549\/revisions\/577"}],"wp:attachment":[{"href":"https:\/\/aeggene.dk\/index.php?rest_route=%2Fwp%2Fv2%2Fmedia&parent=549"}],"curies":[{"name":"wp","href":"https:\/\/api.w.org\/{rel}","templated":true}]}}