{"id":34,"date":"2022-09-18T12:33:10","date_gmt":"2022-09-18T10:33:10","guid":{"rendered":"https:\/\/aeggene.bluepipe.dk\/?page_id=34"},"modified":"2022-09-28T13:07:39","modified_gmt":"2022-09-28T11:07:39","slug":"foreningen","status":"publish","type":"page","link":"https:\/\/aeggene.dk\/?page_id=34","title":{"rendered":"Foreningen"},"content":{"rendered":"\t\t<div data-elementor-type=\"wp-page\" data-elementor-id=\"34\" class=\"elementor elementor-34\">\n\t\t\t\t\t\t<section class=\"elementor-section elementor-top-section elementor-element elementor-element-6f95b33 elementor-section-boxed elementor-section-height-default elementor-section-height-default\" data-id=\"6f95b33\" data-element_type=\"section\" data-e-type=\"section\">\n\t\t\t\t\t\t<div class=\"elementor-container elementor-column-gap-default\">\n\t\t\t\t\t<div class=\"elementor-column elementor-col-33 elementor-top-column elementor-element elementor-element-925606b\" data-id=\"925606b\" data-element_type=\"column\" data-e-type=\"column\">\n\t\t\t<div class=\"elementor-widget-wrap elementor-element-populated\">\n\t\t\t\t\t\t<div class=\"elementor-element elementor-element-f60abdb elementor-widget elementor-widget-text-editor\" data-id=\"f60abdb\" data-element_type=\"widget\" data-e-type=\"widget\" data-widget_type=\"text-editor.default\">\n\t\t\t\t<div class=\"elementor-widget-container\">\n\t\t\t\t\t\t\t\t\t<p>Foreningen \u00c6ggene i Assentorps venner<br \/>holdt stiftede generalforsamling den 29. juli 2022.<\/p><p>Her blev f\u00f8lgende valgt til bestyrelsen:<\/p><p><strong>Formand<br \/><\/strong>Mai-Britt Bj\u00e6lkeh\u00f8j<br \/>Stenmaglevej 36, Assentorp<br \/>4295 Stenlille<\/p><p><strong>N\u00e6stformand<br \/><\/strong>Arne Markussen<br \/>H\u00f8jbodalvej 12, Assentorp<br \/>4295 Stenlille<\/p><p><strong>Kasserer<br \/><\/strong>Peter Lind Frederiksen<br \/>Maglebjergvej 2, Assentorp<br \/>4295 Stenlille<\/p>\t\t\t\t\t\t\t\t<\/div>\n\t\t\t\t<\/div>\n\t\t\t\t\t<\/div>\n\t\t<\/div>\n\t\t\t\t<div class=\"elementor-column elementor-col-33 elementor-top-column elementor-element elementor-element-99477b2\" data-id=\"99477b2\" data-element_type=\"column\" data-e-type=\"column\">\n\t\t\t<div class=\"elementor-widget-wrap elementor-element-populated\">\n\t\t\t\t\t\t<div class=\"elementor-element elementor-element-e0903ef elementor-widget elementor-widget-image\" data-id=\"e0903ef\" data-element_type=\"widget\" data-e-type=\"widget\" data-widget_type=\"image.default\">\n\t\t\t\t<div class=\"elementor-widget-container\">\n\t\t\t\t\t\t\t\t\t\t\t\t\t\t\t\t<a href=\"\/wp-content\/uploads\/2022\/09\/Vedtaegter-AEggene-i-Assentorps-venner-21-07-2022.pdf\">\n\t\t\t\t\t\t\t<img decoding=\"async\" width=\"96\" height=\"96\" src=\"https:\/\/aeggene.dk\/wp-content\/uploads\/2022\/09\/foreningen-Bog.png\" class=\"attachment-large size-large wp-image-156\" alt=\"\" \/>\t\t\t\t\t\t\t\t<\/a>\n\t\t\t\t\t\t\t\t\t\t\t\t\t\t\t<\/div>\n\t\t\t\t<\/div>\n\t\t\t\t<div class=\"elementor-element elementor-element-009be4a elementor-widget elementor-widget-text-editor\" data-id=\"009be4a\" data-element_type=\"widget\" data-e-type=\"widget\" data-widget_type=\"text-editor.default\">\n\t\t\t\t<div class=\"elementor-widget-container\">\n\t\t\t\t\t\t\t\t\t<p>&lt;&lt;Klik p\u00e5 bogen&gt;&gt;<br \/>for at se vedt\u00e6gterne<\/p>\t\t\t\t\t\t\t\t<\/div>\n\t\t\t\t<\/div>\n\t\t\t\t\t<\/div>\n\t\t<\/div>\n\t\t\t\t<div class=\"elementor-column elementor-col-33 elementor-top-column elementor-element elementor-element-4463c33\" data-id=\"4463c33\" data-element_type=\"column\" data-e-type=\"column\">\n\t\t\t<div class=\"elementor-widget-wrap\">\n\t\t\t\t\t\t\t<\/div>\n\t\t<\/div>\n\t\t\t\t\t<\/div>\n\t\t<\/section>\n\t\t\t\t<\/div>\n\t\t","protected":false},"excerpt":{"rendered":"<p>Foreningen \u00c6ggene i Assentorps vennerholdt stiftede generalforsamling den 29. juli 2022. Her blev f\u00f8lgende valgt til bestyrelsen: FormandMai-Britt Bj\u00e6lkeh\u00f8jStenmaglevej 36, Assentorp4295 Stenlille N\u00e6stformandArne MarkussenH\u00f8jbodalvej 12, Assentorp4295 Stenlille KassererPeter Lind FrederiksenMaglebjergvej 2, Assentorp4295 Stenlille &lt;&lt;Klik p\u00e5 bogen&gt;&gt;for at se vedt\u00e6gterne<\/p>\n","protected":false},"author":1,"featured_media":0,"parent":0,"menu_order":0,"comment_status":"closed","ping_status":"closed","template":"","meta":{"footnotes":""},"class_list":["post-34","page","type-page","status-publish","hentry"],"_links":{"self":[{"href":"https:\/\/aeggene.dk\/index.php?rest_route=\/wp\/v2\/pages\/34","targetHints":{"allow":["GET"]}}],"collection":[{"href":"https:\/\/aeggene.dk\/index.php?rest_route=\/wp\/v2\/pages"}],"about":[{"href":"https:\/\/aeggene.dk\/index.php?rest_route=\/wp\/v2\/types\/page"}],"author":[{"embeddable":true,"href":"https:\/\/aeggene.dk\/index.php?rest_route=\/wp\/v2\/users\/1"}],"replies":[{"embeddable":true,"href":"https:\/\/aeggene.dk\/index.php?rest_route=%2Fwp%2Fv2%2Fcomments&post=34"}],"version-history":[{"count":34,"href":"https:\/\/aeggene.dk\/index.php?rest_route=\/wp\/v2\/pages\/34\/revisions"}],"predecessor-version":[{"id":364,"href":"https:\/\/aeggene.dk\/index.php?rest_route=\/wp\/v2\/pages\/34\/revisions\/364"}],"wp:attachment":[{"href":"https:\/\/aeggene.dk\/index.php?rest_route=%2Fwp%2Fv2%2Fmedia&parent=34"}],"curies":[{"name":"wp","href":"https:\/\/api.w.org\/{rel}","templated":true}]}}