{"id":33,"date":"2022-09-18T12:33:09","date_gmt":"2022-09-18T10:33:09","guid":{"rendered":"https:\/\/aeggene.bluepipe.dk\/?page_id=33"},"modified":"2024-09-30T08:28:59","modified_gmt":"2024-09-30T06:28:59","slug":"indmeldelse","status":"publish","type":"page","link":"https:\/\/aeggene.dk\/?page_id=33","title":{"rendered":"Indmeldelse"},"content":{"rendered":"\t\t<div data-elementor-type=\"wp-page\" data-elementor-id=\"33\" class=\"elementor elementor-33\">\n\t\t\t\t\t\t<section class=\"elementor-section elementor-top-section elementor-element elementor-element-9d5006d elementor-section-boxed elementor-section-height-default elementor-section-height-default\" data-id=\"9d5006d\" data-element_type=\"section\" data-e-type=\"section\">\n\t\t\t\t\t\t<div class=\"elementor-container elementor-column-gap-default\">\n\t\t\t\t\t<div class=\"elementor-column elementor-col-100 elementor-top-column elementor-element elementor-element-c1ab13b\" data-id=\"c1ab13b\" data-element_type=\"column\" data-e-type=\"column\">\n\t\t\t<div class=\"elementor-widget-wrap elementor-element-populated\">\n\t\t\t\t\t\t<div class=\"elementor-element elementor-element-5938189 elementor-widget elementor-widget-text-editor\" data-id=\"5938189\" data-element_type=\"widget\" data-e-type=\"widget\" data-widget_type=\"text-editor.default\">\n\t\t\t\t<div class=\"elementor-widget-container\">\n\t\t\t\t\t\t\t\t\t<p>Jeg \u00f8nsker at melde mig ind i foreningen og dermed st\u00f8tte foreningen \u00c6ggene i Assentorps venner<\/p>\t\t\t\t\t\t\t\t<\/div>\n\t\t\t\t<\/div>\n\t\t\t\t\t<\/div>\n\t\t<\/div>\n\t\t\t\t\t<\/div>\n\t\t<\/section>\n\t\t\t\t<section class=\"elementor-section elementor-top-section elementor-element elementor-element-77ac65e elementor-section-boxed elementor-section-height-default elementor-section-height-default\" data-id=\"77ac65e\" data-element_type=\"section\" data-e-type=\"section\">\n\t\t\t\t\t\t<div class=\"elementor-container elementor-column-gap-default\">\n\t\t\t\t\t<div class=\"elementor-column elementor-col-50 elementor-top-column elementor-element elementor-element-4fd0bcc\" data-id=\"4fd0bcc\" data-element_type=\"column\" data-e-type=\"column\">\n\t\t\t<div class=\"elementor-widget-wrap elementor-element-populated\">\n\t\t\t\t\t\t<div class=\"elementor-element elementor-element-91b357b elementor-widget elementor-widget-text-editor\" data-id=\"91b357b\" data-element_type=\"widget\" data-e-type=\"widget\" data-widget_type=\"text-editor.default\">\n\t\t\t\t<div class=\"elementor-widget-container\">\n\t\t\t\t\t\t\t\t\t<h4><b>Privat (kr. 100,- om \u00e5ret)\u00a0 <\/b><\/h4>\t\t\t\t\t\t\t\t<\/div>\n\t\t\t\t<\/div>\n\t\t\t\t<div class=\"elementor-element elementor-element-689f53a elementor-widget elementor-widget-formidable\" data-id=\"689f53a\" data-element_type=\"widget\" data-e-type=\"widget\" data-widget_type=\"formidable.default\">\n\t\t\t\t<div class=\"elementor-widget-container\">\n\t\t\t\t\t<div class=\"frm_forms  with_frm_style frm_style_formidable-styling\" id=\"frm_form_2_container\" data-token=\"b1400fba31056a03efb45d3d9ae9caee\">\n<form enctype=\"multipart\/form-data\" method=\"post\" class=\"frm-show-form \" id=\"form_tilmelding-privat\" data-token=\"b1400fba31056a03efb45d3d9ae9caee\">\n<div class=\"frm_form_fields \">\n<fieldset>\n<legend class=\"frm_screen_reader\">Tilmelding - Privat<\/legend>\r\n\r\n<div class=\"frm_fields_container\">\n<input type=\"hidden\" name=\"frm_action\" value=\"create\" \/>\n<input type=\"hidden\" name=\"form_id\" value=\"2\" \/>\n<input type=\"hidden\" name=\"frm_hide_fields_2\" id=\"frm_hide_fields_2\" value=\"\" \/>\n<input type=\"hidden\" name=\"form_key\" value=\"tilmelding-privat\" \/>\n<input type=\"hidden\" name=\"item_meta[0]\" value=\"\" \/>\n<input type=\"hidden\" id=\"frm_submit_entry_2\" name=\"frm_submit_entry_2\" value=\"2b505b23de\" \/><input type=\"hidden\" name=\"_wp_http_referer\" value=\"\/index.php?rest_route=%2Fwp%2Fv2%2Fpages%2F33\" \/><div id=\"frm_field_6_container\" class=\"frm_form_field form-field  frm_required_field frm_left_container\">\r\n    <label for=\"field_3dt2k\" id=\"field_3dt2k_label\" class=\"frm_primary_label\">Navn\r\n        <span class=\"frm_required\" aria-hidden=\"true\">*<\/span>\r\n    <\/label>\r\n    <input type=\"text\" id=\"field_3dt2k\" name=\"item_meta[6]\" value=\"\"  data-reqmsg=\"Feltet skal udfyldes\" aria-required=\"true\" data-invmsg=\"Tekst er ugyldig\" aria-invalid=\"false\"  \/>\r\n    \r\n    \r\n<\/div>\n<div id=\"frm_field_7_container\" class=\"frm_form_field form-field  frm_required_field frm_left_container\">\r\n    <label for=\"field_afw0a\" id=\"field_afw0a_label\" class=\"frm_primary_label\">Adresse\r\n        <span class=\"frm_required\" aria-hidden=\"true\">*<\/span>\r\n    <\/label>\r\n    <input type=\"text\" id=\"field_afw0a\" name=\"item_meta[7]\" value=\"\"  data-reqmsg=\"Feltet skal udfyldes\" aria-required=\"true\" data-invmsg=\"Text is invalid\" aria-invalid=\"false\"  \/>\r\n    \r\n    \r\n<\/div>\n<div id=\"frm_field_8_container\" class=\"frm_form_field form-field  frm_required_field frm_left_container\">\r\n    <label for=\"field_49u4q\" id=\"field_49u4q_label\" class=\"frm_primary_label\">Post nr\r\n        <span class=\"frm_required\" aria-hidden=\"true\">*<\/span>\r\n    <\/label>\r\n    <input type=\"number\" id=\"field_49u4q\" name=\"item_meta[8]\" value=\"\"  data-reqmsg=\"Feltet skal udfyldes\" aria-required=\"true\" data-invmsg=\"Text is invalid\" aria-invalid=\"false\"   min=\"0\" max=\"9999\" step=\"1\"\/>\r\n    \r\n    \r\n<\/div>\n<div id=\"frm_field_9_container\" class=\"frm_form_field form-field  frm_required_field frm_left_container\">\r\n    <label for=\"field_kvhkn\" id=\"field_kvhkn_label\" class=\"frm_primary_label\">By\r\n        <span class=\"frm_required\" aria-hidden=\"true\">*<\/span>\r\n    <\/label>\r\n    <input type=\"text\" id=\"field_kvhkn\" name=\"item_meta[9]\" value=\"\"  data-reqmsg=\"Feltet skal udfyldes\" aria-required=\"true\" data-invmsg=\"Text is invalid\" aria-invalid=\"false\"  \/>\r\n    \r\n    \r\n<\/div>\n<div id=\"frm_field_10_container\" class=\"frm_form_field form-field  frm_required_field frm_left_container\">\r\n    <label for=\"field_blyvj\" id=\"field_blyvj_label\" class=\"frm_primary_label\">Telefon\/Mobil\r\n        <span class=\"frm_required\" aria-hidden=\"true\">*<\/span>\r\n    <\/label>\r\n    <input type=\"number\" id=\"field_blyvj\" name=\"item_meta[10]\" value=\"\"  data-reqmsg=\"Feltet skal udfyldes\" aria-required=\"true\" data-invmsg=\"Text is invalid\" aria-invalid=\"false\"   min=\"0\" max=\"99999999\" step=\"1\"\/>\r\n    \r\n    \r\n<\/div>\n<div id=\"frm_field_11_container\" class=\"frm_form_field form-field  frm_required_field frm_left_container\">\r\n    <label for=\"field_jtjb2\" id=\"field_jtjb2_label\" class=\"frm_primary_label\">E-mail\r\n        <span class=\"frm_required\" aria-hidden=\"true\">*<\/span>\r\n    <\/label>\r\n    <input type=\"email\" id=\"field_jtjb2\" name=\"item_meta[11]\" value=\"\"  data-reqmsg=\"Feltet skal udfyldes\" aria-required=\"true\" data-invmsg=\"Text is invalid\" aria-invalid=\"false\"  \/>\r\n    \r\n    \r\n<\/div>\n\t<input type=\"hidden\" name=\"item_key\" value=\"\" \/>\n\t\t\t<div id=\"frm_field_22_container\">\n\t\t\t<label for=\"field_fw5nq\" >\n\t\t\t\tIf you are human, leave this field blank.\t\t\t<\/label>\n\t\t\t<input  id=\"field_fw5nq\" type=\"text\" class=\"frm_form_field form-field frm_verify\" name=\"item_meta[22]\" value=\"\"  \/>\n\t\t<\/div>\n\t\t<input name=\"frm_state\" type=\"hidden\" value=\"ONUQsRjEufoLT1uACHPo7D4zs\/sTuC+V9Llo4rpmCZM=\" \/><div class=\"frm_submit\">\r\n\r\n<button class=\"frm_button_submit\" type=\"submit\"  >Gem<\/button>\r\n\r\n\r\n<\/div><\/div>\n<\/fieldset>\n<\/div>\n\n<\/form>\n<\/div>\n\t\t\t\t<\/div>\n\t\t\t\t<\/div>\n\t\t\t\t<div class=\"elementor-element elementor-element-2015395 elementor-widget elementor-widget-text-editor\" data-id=\"2015395\" data-element_type=\"widget\" data-e-type=\"widget\" data-widget_type=\"text-editor.default\">\n\t\t\t\t<div class=\"elementor-widget-container\">\n\t\t\t\t\t\t\t\t\t<h4><span style=\"font-size: 24px;\">Man kan betale med MobilePay via scan QR-koden eller indtaste &#8220;3366RS&#8221; eller en kontooverf\u00f8rsel til: 6695-1009024960.<\/span><\/h4>\t\t\t\t\t\t\t\t<\/div>\n\t\t\t\t<\/div>\n\t\t\t\t<div class=\"elementor-element elementor-element-fbf5ade elementor-widget elementor-widget-image\" data-id=\"fbf5ade\" data-element_type=\"widget\" data-e-type=\"widget\" data-widget_type=\"image.default\">\n\t\t\t\t<div class=\"elementor-widget-container\">\n\t\t\t\t\t\t\t\t\t\t\t\t\t\t\t<img fetchpriority=\"high\" decoding=\"async\" width=\"193\" height=\"300\" src=\"https:\/\/aeggene.dk\/wp-content\/uploads\/2024\/09\/IMG_QR-Aeggene-1-193x300.jpg\" class=\"attachment-medium size-medium wp-image-687\" alt=\"\" srcset=\"https:\/\/aeggene.dk\/wp-content\/uploads\/2024\/09\/IMG_QR-Aeggene-1-193x300.jpg 193w, https:\/\/aeggene.dk\/wp-content\/uploads\/2024\/09\/IMG_QR-Aeggene-1-658x1024.jpg 658w, https:\/\/aeggene.dk\/wp-content\/uploads\/2024\/09\/IMG_QR-Aeggene-1-768x1194.jpg 768w, https:\/\/aeggene.dk\/wp-content\/uploads\/2024\/09\/IMG_QR-Aeggene-1.jpg 897w\" sizes=\"(max-width: 193px) 100vw, 193px\" \/>\t\t\t\t\t\t\t\t\t\t\t\t\t\t\t<\/div>\n\t\t\t\t<\/div>\n\t\t\t\t\t<\/div>\n\t\t<\/div>\n\t\t\t\t<div class=\"elementor-column elementor-col-50 elementor-top-column elementor-element elementor-element-b537cb2\" data-id=\"b537cb2\" data-element_type=\"column\" data-e-type=\"column\">\n\t\t\t<div class=\"elementor-widget-wrap elementor-element-populated\">\n\t\t\t\t\t\t<div class=\"elementor-element elementor-element-66cc7a1 elementor-widget elementor-widget-text-editor\" data-id=\"66cc7a1\" data-element_type=\"widget\" data-e-type=\"widget\" data-widget_type=\"text-editor.default\">\n\t\t\t\t<div class=\"elementor-widget-container\">\n\t\t\t\t\t\t\t\t\t<h4><b>Virksomhed medlem\/sponsor (kr. 500,- om \u00e5ret)<\/b><\/h4>\t\t\t\t\t\t\t\t<\/div>\n\t\t\t\t<\/div>\n\t\t\t\t<div class=\"elementor-element elementor-element-bbf2315 elementor-widget elementor-widget-formidable\" data-id=\"bbf2315\" data-element_type=\"widget\" data-e-type=\"widget\" data-widget_type=\"formidable.default\">\n\t\t\t\t<div class=\"elementor-widget-container\">\n\t\t\t\t\t<div class=\"frm_forms  with_frm_style frm_style_formidable-styling\" id=\"frm_form_3_container\" data-token=\"b1400fba31056a03efb45d3d9ae9caee\" data-token=\"b1400fba31056a03efb45d3d9ae9caee\">\n<form enctype=\"multipart\/form-data\" method=\"post\" class=\"frm-show-form \" id=\"form_tilmelding-erhverv\" data-token=\"b1400fba31056a03efb45d3d9ae9caee\" data-token=\"b1400fba31056a03efb45d3d9ae9caee\">\n<div class=\"frm_form_fields \">\n<fieldset>\n<legend class=\"frm_screen_reader\">Tilmelding - Erhverv<\/legend>\r\n\r\n<div class=\"frm_fields_container\">\n<input type=\"hidden\" name=\"frm_action\" value=\"create\" \/>\n<input type=\"hidden\" name=\"form_id\" value=\"3\" \/>\n<input type=\"hidden\" name=\"frm_hide_fields_3\" id=\"frm_hide_fields_3\" value=\"\" \/>\n<input type=\"hidden\" name=\"form_key\" value=\"tilmelding-erhverv\" \/>\n<input type=\"hidden\" name=\"item_meta[0]\" value=\"\" \/>\n<input type=\"hidden\" id=\"frm_submit_entry_3\" name=\"frm_submit_entry_3\" value=\"2b505b23de\" \/><input type=\"hidden\" name=\"_wp_http_referer\" value=\"\/index.php?rest_route=%2Fwp%2Fv2%2Fpages%2F33\" \/><div id=\"frm_field_14_container\" class=\"frm_form_field form-field  frm_required_field frm_left_container\">\r\n    <label for=\"field_3dt2k2\" id=\"field_3dt2k2_label\" class=\"frm_primary_label\">Navn\r\n        <span class=\"frm_required\" aria-hidden=\"true\">*<\/span>\r\n    <\/label>\r\n    <input type=\"text\" id=\"field_3dt2k2\" name=\"item_meta[14]\" value=\"\"  data-reqmsg=\"Feltet skal udfyldes\" aria-required=\"true\" data-invmsg=\"Tekst er ugyldig\" aria-invalid=\"false\"  \/>\r\n    \r\n    \r\n<\/div>\n<div id=\"frm_field_20_container\" class=\"frm_form_field form-field  frm_required_field frm_left_container\">\r\n    <label for=\"field_a2e5z\" id=\"field_a2e5z_label\" class=\"frm_primary_label\">CVR\r\n        <span class=\"frm_required\" aria-hidden=\"true\">*<\/span>\r\n    <\/label>\r\n    <input type=\"text\" id=\"field_a2e5z\" name=\"item_meta[20]\" value=\"\"  data-reqmsg=\"Feltet skal udfyldes\" aria-required=\"true\" data-invmsg=\"Text is invalid\" aria-invalid=\"false\"  \/>\r\n    \r\n    \r\n<\/div>\n<div id=\"frm_field_15_container\" class=\"frm_form_field form-field  frm_required_field frm_left_container\">\r\n    <label for=\"field_afw0a2\" id=\"field_afw0a2_label\" class=\"frm_primary_label\">Adresse\r\n        <span class=\"frm_required\" aria-hidden=\"true\">*<\/span>\r\n    <\/label>\r\n    <input type=\"text\" id=\"field_afw0a2\" name=\"item_meta[15]\" value=\"\"  data-reqmsg=\"Feltet skal udfyldes\" aria-required=\"true\" data-invmsg=\"Text is invalid\" aria-invalid=\"false\"  \/>\r\n    \r\n    \r\n<\/div>\n<div id=\"frm_field_16_container\" class=\"frm_form_field form-field  frm_required_field frm_left_container\">\r\n    <label for=\"field_49u4q2\" id=\"field_49u4q2_label\" class=\"frm_primary_label\">Post nr\r\n        <span class=\"frm_required\" aria-hidden=\"true\">*<\/span>\r\n    <\/label>\r\n    <input type=\"number\" id=\"field_49u4q2\" name=\"item_meta[16]\" value=\"\"  data-reqmsg=\"Feltet skal udfyldes\" aria-required=\"true\" data-invmsg=\"Text is invalid\" aria-invalid=\"false\"   min=\"0\" max=\"9999\" step=\"1\"\/>\r\n    \r\n    \r\n<\/div>\n<div id=\"frm_field_17_container\" class=\"frm_form_field form-field  frm_required_field frm_left_container\">\r\n    <label for=\"field_kvhkn2\" id=\"field_kvhkn2_label\" class=\"frm_primary_label\">By\r\n        <span class=\"frm_required\" aria-hidden=\"true\">*<\/span>\r\n    <\/label>\r\n    <input type=\"text\" id=\"field_kvhkn2\" name=\"item_meta[17]\" value=\"\"  data-reqmsg=\"Feltet skal udfyldes\" aria-required=\"true\" data-invmsg=\"Text is invalid\" aria-invalid=\"false\"  \/>\r\n    \r\n    \r\n<\/div>\n<div id=\"frm_field_18_container\" class=\"frm_form_field form-field  frm_required_field frm_left_container\">\r\n    <label for=\"field_blyvj2\" id=\"field_blyvj2_label\" class=\"frm_primary_label\">Telefon\/Mobil\r\n        <span class=\"frm_required\" aria-hidden=\"true\">*<\/span>\r\n    <\/label>\r\n    <input type=\"number\" id=\"field_blyvj2\" name=\"item_meta[18]\" value=\"\"  data-reqmsg=\"Feltet skal udfyldes\" aria-required=\"true\" data-invmsg=\"Text is invalid\" aria-invalid=\"false\"   min=\"0\" max=\"99999999\" step=\"1\"\/>\r\n    \r\n    \r\n<\/div>\n<div id=\"frm_field_19_container\" class=\"frm_form_field form-field  frm_required_field frm_left_container\">\r\n    <label for=\"field_jtjb\" id=\"field_jtjb_label\" class=\"frm_primary_label\">E-mail\r\n        <span class=\"frm_required\" aria-hidden=\"true\">*<\/span>\r\n    <\/label>\r\n    <input type=\"email\" id=\"field_jtjb\" name=\"item_meta[19]\" value=\"\"  data-reqmsg=\"Feltet skal udfyldes\" aria-required=\"true\" data-invmsg=\"Text is invalid\" aria-invalid=\"false\"  \/>\r\n    \r\n    \r\n<\/div>\n<div id=\"frm_field_21_container\" class=\"frm_form_field form-field  frm_required_field frm_left_container\">\r\n    <label for=\"field_1m526\" id=\"field_1m526_label\" class=\"frm_primary_label\">Ejerens navn\r\n        <span class=\"frm_required\" aria-hidden=\"true\">*<\/span>\r\n    <\/label>\r\n    <input type=\"text\" id=\"field_1m526\" name=\"item_meta[21]\" value=\"\"  data-reqmsg=\"Feltet skal udfyldes\" aria-required=\"true\" data-invmsg=\"Text is invalid\" aria-invalid=\"false\"  \/>\r\n    \r\n    \r\n<\/div>\n\t<input type=\"hidden\" name=\"item_key\" value=\"\" \/>\n\t\t\t<div id=\"frm_field_23_container\">\n\t\t\t<label for=\"field_5ying\" >\n\t\t\t\tIf you are human, leave this field blank.\t\t\t<\/label>\n\t\t\t<input  id=\"field_5ying\" type=\"text\" class=\"frm_form_field form-field frm_verify\" name=\"item_meta[23]\" value=\"\"  \/>\n\t\t<\/div>\n\t\t<input name=\"frm_state\" type=\"hidden\" value=\"ONUQsRjEufoLT1uACHPo7AKdoD4fRItDzJnVoHPo6HA=\" \/><div class=\"frm_submit\">\r\n\r\n<button class=\"frm_button_submit\" type=\"submit\"  >Gem<\/button>\r\n\r\n\r\n<\/div><\/div>\n<\/fieldset>\n<\/div>\n\n<\/form>\n<\/div>\n\t\t\t\t<\/div>\n\t\t\t\t<\/div>\n\t\t\t\t<div class=\"elementor-element elementor-element-444d842 elementor-widget elementor-widget-text-editor\" data-id=\"444d842\" data-element_type=\"widget\" data-e-type=\"widget\" data-widget_type=\"text-editor.default\">\n\t\t\t\t<div class=\"elementor-widget-container\">\n\t\t\t\t\t\t\t\t\t<h4><span style=\"font-size: 24px;\">Man kan betale med MobilePay via scan QR-koden eller indtaste &#8220;3366RS&#8221; eller en kontooverf\u00f8rsel til: 6695-1009024960.<\/span><\/h4>\t\t\t\t\t\t\t\t<\/div>\n\t\t\t\t<\/div>\n\t\t\t\t<div class=\"elementor-element elementor-element-14d6d8b elementor-widget elementor-widget-image\" data-id=\"14d6d8b\" data-element_type=\"widget\" data-e-type=\"widget\" data-widget_type=\"image.default\">\n\t\t\t\t<div class=\"elementor-widget-container\">\n\t\t\t\t\t\t\t\t\t\t\t\t\t\t\t<img fetchpriority=\"high\" decoding=\"async\" width=\"193\" height=\"300\" src=\"https:\/\/aeggene.dk\/wp-content\/uploads\/2024\/09\/IMG_QR-Aeggene-1-193x300.jpg\" class=\"attachment-medium size-medium wp-image-687\" alt=\"\" srcset=\"https:\/\/aeggene.dk\/wp-content\/uploads\/2024\/09\/IMG_QR-Aeggene-1-193x300.jpg 193w, https:\/\/aeggene.dk\/wp-content\/uploads\/2024\/09\/IMG_QR-Aeggene-1-658x1024.jpg 658w, https:\/\/aeggene.dk\/wp-content\/uploads\/2024\/09\/IMG_QR-Aeggene-1-768x1194.jpg 768w, https:\/\/aeggene.dk\/wp-content\/uploads\/2024\/09\/IMG_QR-Aeggene-1.jpg 897w\" sizes=\"(max-width: 193px) 100vw, 193px\" \/>\t\t\t\t\t\t\t\t\t\t\t\t\t\t\t<\/div>\n\t\t\t\t<\/div>\n\t\t\t\t\t<\/div>\n\t\t<\/div>\n\t\t\t\t\t<\/div>\n\t\t<\/section>\n\t\t\t\t<\/div>\n\t\t","protected":false},"excerpt":{"rendered":"<p>Jeg \u00f8nsker at melde mig ind i foreningen og dermed st\u00f8tte foreningen \u00c6ggene i Assentorps venner Privat (kr. 100,- om \u00e5ret)\u00a0 Tilmelding &#8211; Privat Navn * Adresse * Post nr * By * Telefon\/Mobil * E-mail * If you are human, leave this field blank. Gem Man kan betale med MobilePay via scan QR-koden eller [&hellip;]<\/p>\n","protected":false},"author":1,"featured_media":0,"parent":0,"menu_order":0,"comment_status":"closed","ping_status":"closed","template":"","meta":{"footnotes":""},"class_list":["post-33","page","type-page","status-publish","hentry"],"_links":{"self":[{"href":"https:\/\/aeggene.dk\/index.php?rest_route=\/wp\/v2\/pages\/33","targetHints":{"allow":["GET"]}}],"collection":[{"href":"https:\/\/aeggene.dk\/index.php?rest_route=\/wp\/v2\/pages"}],"about":[{"href":"https:\/\/aeggene.dk\/index.php?rest_route=\/wp\/v2\/types\/page"}],"author":[{"embeddable":true,"href":"https:\/\/aeggene.dk\/index.php?rest_route=\/wp\/v2\/users\/1"}],"replies":[{"embeddable":true,"href":"https:\/\/aeggene.dk\/index.php?rest_route=%2Fwp%2Fv2%2Fcomments&post=33"}],"version-history":[{"count":43,"href":"https:\/\/aeggene.dk\/index.php?rest_route=\/wp\/v2\/pages\/33\/revisions"}],"predecessor-version":[{"id":700,"href":"https:\/\/aeggene.dk\/index.php?rest_route=\/wp\/v2\/pages\/33\/revisions\/700"}],"wp:attachment":[{"href":"https:\/\/aeggene.dk\/index.php?rest_route=%2Fwp%2Fv2%2Fmedia&parent=33"}],"curies":[{"name":"wp","href":"https:\/\/api.w.org\/{rel}","templated":true}]}}