{"id":30,"date":"2022-09-18T12:33:09","date_gmt":"2022-09-18T10:33:09","guid":{"rendered":"https:\/\/aeggene.bluepipe.dk\/?page_id=30"},"modified":"2024-08-23T12:25:17","modified_gmt":"2024-08-23T10:25:17","slug":"projekt-restaurering","status":"publish","type":"page","link":"https:\/\/aeggene.dk\/?page_id=30","title":{"rendered":"Projekt restaurering"},"content":{"rendered":"\t\t<div data-elementor-type=\"wp-page\" data-elementor-id=\"30\" class=\"elementor elementor-30\">\n\t\t\t\t\t\t<section class=\"elementor-section elementor-top-section elementor-element elementor-element-f7a113b elementor-section-boxed elementor-section-height-default elementor-section-height-default\" data-id=\"f7a113b\" data-element_type=\"section\" data-e-type=\"section\">\n\t\t\t\t\t\t<div class=\"elementor-container elementor-column-gap-default\">\n\t\t\t\t\t<div class=\"elementor-column elementor-col-66 elementor-top-column elementor-element elementor-element-ed8e418\" data-id=\"ed8e418\" data-element_type=\"column\" data-e-type=\"column\">\n\t\t\t<div class=\"elementor-widget-wrap elementor-element-populated\">\n\t\t\t\t\t\t<div class=\"elementor-element elementor-element-476a0e7 elementor-widget elementor-widget-text-editor\" data-id=\"476a0e7\" data-element_type=\"widget\" data-e-type=\"widget\" data-widget_type=\"text-editor.default\">\n\t\t\t\t<div class=\"elementor-widget-container\">\n\t\t\t\t\t\t\t\t\t<p>\u00c6ggene har gennem tiden haft lidt forskelligt udseende. De har v\u00e6ret helt hvide, hvide med to bl\u00e5 b\u00e5nd p\u00e5 \u00e6ggeb\u00e6geret og brunlige som gammeldags land\u00e6g.<\/p><p>P\u00e5 baggrund af dette har vi i forbindelse med restaureringen valgt, at de skal opdateres til \u00e5r 2022 med respekt for historien. Det betyder, at \u00e6ggene bliver malet i en kn\u00e6kket hvid farve, og \u00e6ggeb\u00e6gret bliver malet i en hvid grundfarve og med bl\u00e5 blomster.<\/p>\t\t\t\t\t\t\t\t<\/div>\n\t\t\t\t<\/div>\n\t\t\t\t<div class=\"elementor-element elementor-element-7ee8b43 elementor-widget elementor-widget-image\" data-id=\"7ee8b43\" data-element_type=\"widget\" data-e-type=\"widget\" data-widget_type=\"image.default\">\n\t\t\t\t<div class=\"elementor-widget-container\">\n\t\t\t\t\t\t\t\t\t\t\t\t\t\t\t<img fetchpriority=\"high\" decoding=\"async\" width=\"768\" height=\"687\" src=\"https:\/\/aeggene.dk\/wp-content\/uploads\/2024\/08\/345118002_1245274829446365_1233425388192385468_n-768x687.jpg\" class=\"attachment-medium_large size-medium_large wp-image-645\" alt=\"\" srcset=\"https:\/\/aeggene.dk\/wp-content\/uploads\/2024\/08\/345118002_1245274829446365_1233425388192385468_n-768x687.jpg 768w, https:\/\/aeggene.dk\/wp-content\/uploads\/2024\/08\/345118002_1245274829446365_1233425388192385468_n-300x268.jpg 300w, https:\/\/aeggene.dk\/wp-content\/uploads\/2024\/08\/345118002_1245274829446365_1233425388192385468_n-1024x916.jpg 1024w, https:\/\/aeggene.dk\/wp-content\/uploads\/2024\/08\/345118002_1245274829446365_1233425388192385468_n-1536x1374.jpg 1536w, https:\/\/aeggene.dk\/wp-content\/uploads\/2024\/08\/345118002_1245274829446365_1233425388192385468_n.jpg 1820w\" sizes=\"(max-width: 768px) 100vw, 768px\" \/>\t\t\t\t\t\t\t\t\t\t\t\t\t\t\t<\/div>\n\t\t\t\t<\/div>\n\t\t\t\t<div class=\"elementor-element elementor-element-85f25c7 elementor-widget elementor-widget-text-editor\" data-id=\"85f25c7\" data-element_type=\"widget\" data-e-type=\"widget\" data-widget_type=\"text-editor.default\">\n\t\t\t\t<div class=\"elementor-widget-container\">\n\t\t\t\t\t\t\t\t\t<p>Arne Markussen (\u00c6gge ejeren), Peter Frederiksen (ham der g\u00e5r i vejen), Jim Gynthe-Jacobsen (Murermester hos Kopp Sor\u00f8), Mai-Britt Bj\u00e6lkeh\u00f8j (maler) og Lone Andersen (maler)<\/p>\t\t\t\t\t\t\t\t<\/div>\n\t\t\t\t<\/div>\n\t\t\t\t\t<\/div>\n\t\t<\/div>\n\t\t\t\t<div class=\"elementor-column elementor-col-33 elementor-top-column elementor-element elementor-element-9973746\" data-id=\"9973746\" data-element_type=\"column\" data-e-type=\"column\">\n\t\t\t<div class=\"elementor-widget-wrap elementor-element-populated\">\n\t\t\t\t\t\t<section class=\"elementor-section elementor-inner-section elementor-element elementor-element-861efd7 elementor-section-boxed elementor-section-height-default elementor-section-height-default\" data-id=\"861efd7\" data-element_type=\"section\" data-e-type=\"section\">\n\t\t\t\t\t\t<div class=\"elementor-container elementor-column-gap-default\">\n\t\t\t\t\t<div class=\"elementor-column elementor-col-100 elementor-inner-column elementor-element elementor-element-967e454\" data-id=\"967e454\" data-element_type=\"column\" data-e-type=\"column\">\n\t\t\t<div class=\"elementor-widget-wrap elementor-element-populated\">\n\t\t\t\t\t\t<div class=\"elementor-element elementor-element-a6d5c13 elementor-widget elementor-widget-text-editor\" data-id=\"a6d5c13\" data-element_type=\"widget\" data-e-type=\"widget\" data-widget_type=\"text-editor.default\">\n\t\t\t\t<div class=\"elementor-widget-container\">\n\t\t\t\t\t\t\t\t\t<p>Her kan man se et udkast fra maleren.<\/p><p>Maleren er:<\/p><p>Lone Andersen, der har en tilknytning til omr\u00e5det og derfor kender til \u00e6ggene. Hun synes, det kunne v\u00e6re sjovt at male \u00e6ggene.<\/p>\t\t\t\t\t\t\t\t<\/div>\n\t\t\t\t<\/div>\n\t\t\t\t<div class=\"elementor-element elementor-element-9106aa6 elementor-widget elementor-widget-image\" data-id=\"9106aa6\" data-element_type=\"widget\" data-e-type=\"widget\" data-widget_type=\"image.default\">\n\t\t\t\t<div class=\"elementor-widget-container\">\n\t\t\t\t\t\t\t\t\t\t\t\t\t\t\t\t<a href=\"?page_id=335\" class=\"fancybox-iframe\">\n\t\t\t\t\t\t\t<img decoding=\"async\" width=\"165\" height=\"269\" src=\"https:\/\/aeggene.dk\/wp-content\/uploads\/2022\/09\/Projekt-restaurering-Billede.jpg\" class=\"attachment-large size-large wp-image-65\" alt=\"\" \/>\t\t\t\t\t\t\t\t<\/a>\n\t\t\t\t\t\t\t\t\t\t\t\t\t\t\t<\/div>\n\t\t\t\t<\/div>\n\t\t\t\t<div class=\"elementor-element elementor-element-a2092d0 elementor-widget elementor-widget-text-editor\" data-id=\"a2092d0\" data-element_type=\"widget\" data-e-type=\"widget\" data-widget_type=\"text-editor.default\">\n\t\t\t\t<div class=\"elementor-widget-container\">\n\t\t\t\t\t\t\t\t\t<p>Man se flere billeder&nbsp; af hvordan \u00e6ggene har set ud gennem tiderne. De fleste billeder er fra arkiv.dk<\/p>\n<p>&lt;&lt;Klik p\u00e5 billede&gt;&gt;&nbsp;<\/p>\t\t\t\t\t\t\t\t<\/div>\n\t\t\t\t<\/div>\n\t\t\t\t\t<\/div>\n\t\t<\/div>\n\t\t\t\t\t<\/div>\n\t\t<\/section>\n\t\t\t\t\t<\/div>\n\t\t<\/div>\n\t\t\t\t\t<\/div>\n\t\t<\/section>\n\t\t\t\t<section class=\"elementor-section elementor-top-section elementor-element elementor-element-265bfd2 elementor-section-boxed elementor-section-height-default elementor-section-height-default\" data-id=\"265bfd2\" data-element_type=\"section\" data-e-type=\"section\">\n\t\t\t\t\t\t<div class=\"elementor-container elementor-column-gap-default\">\n\t\t\t\t\t<div class=\"elementor-column elementor-col-100 elementor-top-column elementor-element elementor-element-717d6f8\" data-id=\"717d6f8\" data-element_type=\"column\" data-e-type=\"column\">\n\t\t\t<div class=\"elementor-widget-wrap\">\n\t\t\t\t\t\t\t<\/div>\n\t\t<\/div>\n\t\t\t\t\t<\/div>\n\t\t<\/section>\n\t\t\t\t<\/div>\n\t\t","protected":false},"excerpt":{"rendered":"<p>\u00c6ggene har gennem tiden haft lidt forskelligt udseende. De har v\u00e6ret helt hvide, hvide med to bl\u00e5 b\u00e5nd p\u00e5 \u00e6ggeb\u00e6geret og brunlige som gammeldags land\u00e6g. P\u00e5 baggrund af dette har vi i forbindelse med restaureringen valgt, at de skal opdateres til \u00e5r 2022 med respekt for historien. Det betyder, at \u00e6ggene bliver malet i en [&hellip;]<\/p>\n","protected":false},"author":1,"featured_media":0,"parent":0,"menu_order":0,"comment_status":"closed","ping_status":"closed","template":"","meta":{"footnotes":""},"class_list":["post-30","page","type-page","status-publish","hentry"],"_links":{"self":[{"href":"https:\/\/aeggene.dk\/index.php?rest_route=\/wp\/v2\/pages\/30","targetHints":{"allow":["GET"]}}],"collection":[{"href":"https:\/\/aeggene.dk\/index.php?rest_route=\/wp\/v2\/pages"}],"about":[{"href":"https:\/\/aeggene.dk\/index.php?rest_route=\/wp\/v2\/types\/page"}],"author":[{"embeddable":true,"href":"https:\/\/aeggene.dk\/index.php?rest_route=\/wp\/v2\/users\/1"}],"replies":[{"embeddable":true,"href":"https:\/\/aeggene.dk\/index.php?rest_route=%2Fwp%2Fv2%2Fcomments&post=30"}],"version-history":[{"count":37,"href":"https:\/\/aeggene.dk\/index.php?rest_route=\/wp\/v2\/pages\/30\/revisions"}],"predecessor-version":[{"id":672,"href":"https:\/\/aeggene.dk\/index.php?rest_route=\/wp\/v2\/pages\/30\/revisions\/672"}],"wp:attachment":[{"href":"https:\/\/aeggene.dk\/index.php?rest_route=%2Fwp%2Fv2%2Fmedia&parent=30"}],"curies":[{"name":"wp","href":"https:\/\/api.w.org\/{rel}","templated":true}]}}